lue of (0 + -2 - 2) + (-8570 - -8465)?
-109
What is 7 + (22 + 6 - -9) - (-18 + 24) - 3?
35
Evaluate 1 + 57 + (14 - (-50 + 52) - 16).
54
What is -1 - -7 - (34 - (-1 + -6 + 6 + 5))?
-24
Evaluate (-28 - (20 + -55 - 9)) + 115 + (-5 - -4).
130
What is -52 - (-6 + -1 - (-30 + -33 + 49))?
-59
What is -32 - (7 + (-9 - (10 + -19)) - 2)?
-37
What is -28 + 0 - (259 - 275)?
-12
Calculate (-1 - -1) + (-345 - (-77 + -159)).
-109
26 + 2 + (-19 - -24)
33
What is -84 + 38 + 27 - 25?
-44
Evaluate 1 + (10 - (3 - 1)) + (3843 - 3834).
18
What is the value of -53 - (-56 + 59 - 25)?
-31
What is -9 + (0 - -3) + 1 + 14 - 3?
6
-4 + (-1 - -2) + (1 - 5) + 69 + -25
37
What is (22 - 5 - 75) + 1 - -3?
-54
Calculate 6 + (3 - (0 + 3)) - (-17 + 61 - 18).
-20
14 + -16 + -7 + 17 + (-6 - 0) - 53
-51
What is 73 + (-12 - (10 + -16)) + (21 - 12)?
76
Evaluate 60 + (-5 - 1) - (66 + (-26 - 16)).
30
Calculate (-75 - -31) + (-1 - 0).
-45
What is the value of (78 - 81) + (4 - 4) + -41?
-44
What is the value of 16 + -53 - -1 - -31?
-5
What is the value of -57 - -10 - (20 + -80 + 53)?
-40
What is 15 + -2 + (25 - 9) + -1 + -3?
25
What is the value of -18 - -2 - (-134 + 124 + 37)?
-43
What is (7 - 7) + 14 + (12 - -7)?
33
Calculate -2 + 86 + -11019 + 10868.
-67
Calculate 76 + -71 + 45 + -9.
41
(178 - 252) + 89 + (-1 - 17)
-3
What is 8 + -57 + -20 + 21 + -4 + -1 - 0?
-53
Calculate -16 + (22 - (38 - (-13 + 21))).
-24
Evaluate 82 - (27 + 26 + -20).
49
Calculate (-14 - (14 + -85)) + (5 - 4 - -15).
73
What is 7 + -24 - 26 - -23 - -9?
-11
What is the value of 3 + -45 + -2 + 14 + 2 + -5 + -10?
-43
Calculate -66 + 23 - (-3 + 8 + 8 + 0).
-56
Evaluate 17 - (23 - (17 + -8)) - 9.
-6
1 + (51 - (-41 + 8)) - (0 - 1)
86
Calculate -58 + (-17 - (319 + -313 + -6 + 2)).
-77
What is the value of 79 + (79 - 129 - -49)?
78
-2 + (-49 - -31) + 35 + -102
-87
Calculate 5 + 27 + (-26 - -28) + -9.
25
Calculate 60 + -127 + 25 + 73.
31
Evaluate -15 + (1 - 2) + -66 + (-250 - -320).
-12
-25 - -43 - -55 - 5
68
Evaluate 31 + -117 - 1 - (13 + -33).
-67
(11 - ((6 - (2 + 7)) + -15)) + -1
28
-23 + (4 - (0 - (57 - -28)))
66
(-2 + (49 - 26) + -44 - -77) + 3 + -3
54
Evaluate 4 + (-109 - 13 - (26 + -24) - -13).
-107
Evaluate 39 + -144 + 21 + -11.
-95
Calculate 77 + -92 + -1 + 7 + -17.
-26
What is 38 + (61 - 90 - 79)?
-70
(-25 - 36) + (90 - 82)
-53
What is the value of 223 + -133 + -104 + 139?
125
3 + 6 + -2 + 29 + -3 + 9
42
Calculate 6 - (0 + 51 + -9) - 5.
-41
-13 - (-3 - -4) - (-3 + -24 + -3 + 17)
-1
What is (15 - 22 - (-16 - 1)) + 13 - (2 - -9)?
12
0 + (-20 - -33 - 11) + -16
-14
Evaluate -8 + 46 + 13 - 42.
9
(-5 - -8) + -5 + (173 - 185) + 7
-7
What is the value of 28 - 3 - (-295 + 288)?
32
What is the value of (1 - 0 - (0 + -7)) + 484 + -498?
-6
Calculate 2 + -4 - -5 - (-23 - 67 - -102) - -12.
3
What is the value of -2 - ((-13 - 12) + 2 + 4) - 11?
6
What is (-10 - 10) + (-12 - -24) + 1 + -4 - -74?
63
4185 - 4184 - (-2 - (-3 + 11 + -1))
10
What is the value of (44 - (1 + 51 + -25)) + -69?
-52
-2 + 12 + ((20 - -4) + 13 - 11)
36
Calculate 190 + -74 + -66 + 31.
81
What is the value of 8 - ((-59 - 1) + 84)?
-16
-44 + 48 + -35 + -2
-33
23 - (-92 - (-97 + 36))
54
What is the value of 1 - (28 - 104) - 156?
-79
What is the value of 4 - 11 - (54 - 121 - -83)?
-23
What is the value of (130 - 0) + (182 + -155 - (0 + 32) - -1)?
126
Evaluate 1956 - 1883 - (1 + -17).
89
Evaluate -3 + 6 - 1 - (1541 - 1522) - 68.
-85
Calculate 45 - (51 - (-36 + 13)).
-29
What is 53 + (-41 - -86) - 66?
32
Evaluate -11 - (0 - -2 - 12 - (-29 + 40 + 32)).
42
10 - (-67 + 13) - 36
28
What is the value of -7 + 63 + (-15 - 22) + 60?
79
What is the value of -53 - ((-22 - -103) + -142)?
8
-178 + (0 - (92 - 200))
-70
What is -14 - (6 + (-59 - 5) + -11 + 4)?
51
What is -42 + (25 - 5) + 17 + (-1 - -21) + -1?
14
Evaluate (22 - (38 - 76)) + -64.
-4
-12 + -1 + 8 + -10 + 10082 + -10097
-30
-137 - (-42 + -75) - (2 - 90) - (-4 - 0)
72
Calculate -131 - (-137 + 203 - 86).
-111
What is -52 + 1 + 6 + 8 + (14 - 15)?
-38
(-9 - -20) + -135 + 135
11
Calculate -35 + -18 + 59 + -7 + 3.
2
What is (1057 - 1074 - ((1 - 33) + 2)) + 59?
72
What is the value of -378 - -267 - (-9 - -3 - -8 - 26)?
-87
Evaluate -98 + -1 + -9 + (16 + -12 - -18).
-86
Calculate 100 + ((4 - -7) + -3 - (282 + -278)).
104
Evaluate (-6 - (-4 + 9 + (10 - 21))) + -4.
-4
-10 + -2 + -6 + 0 + 1 + -8
-25
What is the value of -9 + (-7 - 2) + 6 - (4 + 0 + -23)?
7
Calculate 0 - (-3 + (-8 - -12) - (10 - 21)).
-12
What is the value of (100 - 54) + -3 + 43?
86
What is the value of 19 + 7315 + -7330 + 11 + 1 + 2 + -2?
16
What is (6 - (3 - -16)) + (18 - -6 - -65)?
76
Evaluate (-98 - (142 + -232)) + -3 + 125.
114
What is the value of -2 + 3 + -1 - (113 - (595 + -365))?
117
What is 2 - (1 - -2 - (1 - -4)) - (316 - 355)?
43
Evaluate -7 + -7 + -4 + -28 + 10.
-36
What is the value of 14 - (-11 - -20) - (17 + 1)?
-13
-3 + -20 + 25 - (0 + -79 + -2)
83
Calculate -59 - (25 - 79) - -25.
20
What is (-5 - 7) + (16 + -20 - -92) - -9?
85
-41 + -26 + (206 - 144)
-5
What is the value of -27 - (52 + (46 - 69))?
-56
-68 + (62 - 31 - 8)
-45
Evaluate 16 + (-13 + 12 - -1) + 15 + -46.
-15
Evaluate -4 - 1 - ((17 - (-19 - -43)) + 22).
-20
What is the value of 273 + -313 + (9 - -49)?
18
-17 - -117 - (22 - -32)
46
What is (3 - 5 - -12) + (43 - 15)?
38
Calculate -9 + (-10 - -12) + 10 + -5 + -56.
-58
Calculate -46 + (25 - (-59 + 56)).
-18
Calculate -28 + -2 + (18 - (41 - 21)).
-32
What is the value of (9 - 4 - 38) + -2396 + 2426?
-3
What is 16 - (15 + -1) - -14 - 5?
11
Calculate -107 - 13 - (7 - (34 - 6)).
-99
2 + 48 + 1897 + -2040
-93
1 + -84 - (2438 - 2486)
-35
Calculate 90 - (-101 + 25 + 111).
55
What is the value of -8 + -62 + -16 + 88?
2
-7 + 3 + -3 + 0 + (19 - (21 + -11))
2
What is -50 + 2 - (-98 - (157 - 54))?
153
Evaluate -1 + -2 + -7 - (6482 + -6514).
22
What is the value of (48 - 32) + -26 + 21 + 1 + (3 - 3)?
12
-21 - (11 + (-29 - -20) - (-15 + 0))
-38
-57 - ((36 - 110) + 60)
-43
(-96 - 1 - (82 + -43)) + 35
-101
What is the value of 7 - (-7 + 23) - 14?
-23
What is the value of -30 + (-266 - -287) + -40 + 2?
-47
What is -9 - (-131 - (-62 + -8))?
52
Calculate (-1 - (5 + 4)) + 368 + -370.
-12
Evaluate (-7 - (2 + -5) - -4) + (89 - 89).
0
12 - (-17 + (4 - -12) - ((13 - 2) + 0))
24
What is 1 - (1 - 1 - 13) - (-34 - (-115 + 158))?
91
What is the value of 140 - (134 - 17) - (-1 - 20)?
44
Calculate -51 + 0 + (29 - (-54 - -65)).
-33
What is (-28 - (-60 + 29)) + 3 + 0 + 0?
6
Evaluate ((-49 - -57) + -11 - -42) + -2.
37
What is the value of 73 - (6 + -14 + 12 - -13)?
56
19 + (-63 - (3 + -52))
5
What is the value of 136 + (355 + -343 - (-1 + 19))?
130
What is 121 + (-16 - (2 - 3)) + (6 - (17 + -31))?
126
What is (0 - 11) + (2 - 2) + (64 + -94 - 6)?
-47
What is the value of 120 + (147 - 267) - 147?
-147
50 - (43 - -71) - -28
-36
Evaluate 7 + -37 + (-39 - -78) - (-12 - 0).
21
What is the value of 25 - (-21 + 33 + -30)?
43
What is the value of -41 - (-7 + -111 + 18)?
59
What is 170 + -326 - (-85 - -17)?
-88
Calculate -30 - (-156 + 163 - (-10 + -22)).
-69
(55 - (-15 - -58)) + -25
-13
Calculate (-37 + 34 - -9) + -10 + 4 + 5.
5
What is 4 - 13 - (7 - (-5 + 22)) - (-1 - 56)?
58
1 + 22 + 126 + -143 + -17
-11
Evaluate -77 - -74 - (-1 - 6) - -26.
30
15 + 17 + (-21 - -7 - -8 - 5)
21
Evaluate 25 + -34 + 10 - (-5 + -2 + 71).
-63
Calculate 26 + (-126 - (-72 - -15)).
-43
What is the value of 15 - ((6 - -7 - -10) + -11 + 2)?
1
Calculate 12 - (-10 + (-2 + -4 - -5 - 11 - -100)).
-66
-67 + 121 + 24 - (2 + (13 - 3))
66
Calculate (-2 - 3 - (-179 + 190)) + -19.
-35
What is (-56 - (11 - -15)) + -2 + (4 - (-2 - -6))?
-84
What is (9 - (-8 + 28)) + 0 - -6 - -11?
6
What is 3901 + -4005 + (62 - 0)?
-42
Evaluate -26 + 20 + -15 + (11 - (-4 - -4)).
-10
Evaluate -44 + (80 - -5) - 82.
-41
Evaluate 2 + (-56 + 111 + -46 - (1 - -6)).
4
-2 + 26 + (-138 - -126) + 0 + 16 + 8
36
What is the value of -18 + (-39 - -73 - 37) + -21?
-42
-40 - -44 - (-4 + 0 - (-1 - -48))
55
What is 47 - (39 - -17) - (0 + 4 + -3 - 56)?
46
-23 - (-17 + -38) - 62 - 39
-69
What is the value of (39 - 20 - 71) + -12?
-64
What is 16 + -25 + 31 + (-5 - -13 - -2)?
32
(8 + 6 - 6 - -14) + 32 - (0 - 9)
63
What is (1 - (-5 + -3 - -17)) + (-3 - (0 - -10))?
-21
Evaluate -36 + -4 + (6 - 38 - -20).
-52
Evaluate 8 + (-17 - -14) + 5 + 17 + 2.
29
Ca